[INFO] cloning repository https://github.com/jcdyer/potpot
[INFO] running `Command { std: "git" "-c" "credential.helper=" "-c" "credential.helper=/workspace/cargo-home/bin/git-credential-null" "clone" "--bare" "https://github.com/jcdyer/potpot" "/workspace/cache/git-repos/https%3A%2F%2Fgithub.com%2Fjcdyer%2Fpotpot", kill_on_drop: false }`
[INFO] [stderr] Cloning into bare repository '/workspace/cache/git-repos/https%3A%2F%2Fgithub.com%2Fjcdyer%2Fpotpot'...
[INFO] running `Command { std: "git" "rev-parse" "HEAD", kill_on_drop: false }`
[INFO] [stdout] 66e377c6793749acfb0b98da4732bb41911d5d1c
[INFO] checking jcdyer/potpot against master#af3c6e733a40e671550e0f0f5aeecaa13772ba56 for pr-74989
[INFO] running `Command { std: "git" "clone" "/workspace/cache/git-repos/https%3A%2F%2Fgithub.com%2Fjcdyer%2Fpotpot" "/workspace/builds/worker-5/source", kill_on_drop: false }`
[INFO] [stderr] Cloning into '/workspace/builds/worker-5/source'...
[INFO] [stderr] done.
[INFO] validating manifest of git repo https://github.com/jcdyer/potpot on toolchain af3c6e733a40e671550e0f0f5aeecaa13772ba56
[INFO] running `Command { std: "/workspace/cargo-home/bin/cargo" "+af3c6e733a40e671550e0f0f5aeecaa13772ba56" "read-manifest" "--manifest-path" "Cargo.toml", kill_on_drop: false }`
[INFO] started tweaking git repo https://github.com/jcdyer/potpot
[INFO] finished tweaking git repo https://github.com/jcdyer/potpot
[INFO] tweaked toml for git repo https://github.com/jcdyer/potpot written to /workspace/builds/worker-5/source/Cargo.toml
[INFO] running `Command { std: "/workspace/cargo-home/bin/cargo" "+af3c6e733a40e671550e0f0f5aeecaa13772ba56" "generate-lockfile" "--manifest-path" "Cargo.toml" "-Zno-index-update", kill_on_drop: false }`
[INFO] running `Command { std: "/workspace/cargo-home/bin/cargo" "+af3c6e733a40e671550e0f0f5aeecaa13772ba56" "fetch" "--locked" "--manifest-path" "Cargo.toml", kill_on_drop: false }`
[INFO] running `Command { std: "docker" "create" "-v" "/var/lib/crater-agent-workspace/builds/worker-5/target:/opt/rustwide/target:rw,Z" "-v" "/var/lib/crater-agent-workspace/builds/worker-5/source:/opt/rustwide/workdir:ro,Z" "-v" "/var/lib/crater-agent-workspace/cargo-home:/opt/rustwide/cargo-home:ro,Z" "-v" "/var/lib/crater-agent-workspace/rustup-home:/opt/rustwide/rustup-home:ro,Z" "-e" "SOURCE_DIR=/opt/rustwide/workdir" "-e" "CARGO_TARGET_DIR=/opt/rustwide/target" "-e" "CARGO_HOME=/opt/rustwide/cargo-home" "-e" "RUSTUP_HOME=/opt/rustwide/rustup-home" "-w" "/opt/rustwide/workdir" "-m" "1610612736" "--user" "0:0" "--network" "none" "rustops/crates-build-env@sha256:d92eaeed33fa75130ca1ee6c8a01d1ffb62bac859dfdfb3450e3e5d1c0146529" "/opt/rustwide/cargo-home/bin/cargo" "+af3c6e733a40e671550e0f0f5aeecaa13772ba56" "metadata" "--no-deps" "--format-version=1", kill_on_drop: false }`
[INFO] [stdout] a9c416ef43cfa90b44dfbcd644ceb80f7d51d52cf3bc504a092490b925ecbd70
[INFO] [stderr] WARNING: Your kernel does not support swap limit capabilities or the cgroup is not mounted. Memory limited without swap.
[INFO] running `Command { std: "docker" "start" "-a" "a9c416ef43cfa90b44dfbcd644ceb80f7d51d52cf3bc504a092490b925ecbd70", kill_on_drop: false }`
[INFO] running `Command { std: "docker" "inspect" "a9c416ef43cfa90b44dfbcd644ceb80f7d51d52cf3bc504a092490b925ecbd70", kill_on_drop: false }`
[INFO] running `Command { std: "docker" "rm" "-f" "a9c416ef43cfa90b44dfbcd644ceb80f7d51d52cf3bc504a092490b925ecbd70", kill_on_drop: false }`
[INFO] [stdout] a9c416ef43cfa90b44dfbcd644ceb80f7d51d52cf3bc504a092490b925ecbd70
[INFO] running `Command { std: "docker" "create" "-v" "/var/lib/crater-agent-workspace/builds/worker-5/target:/opt/rustwide/target:rw,Z" "-v" "/var/lib/crater-agent-workspace/builds/worker-5/source:/opt/rustwide/workdir:ro,Z" "-v" "/var/lib/crater-agent-workspace/cargo-home:/opt/rustwide/cargo-home:ro,Z" "-v" "/var/lib/crater-agent-workspace/rustup-home:/opt/rustwide/rustup-home:ro,Z" "-e" "SOURCE_DIR=/opt/rustwide/workdir" "-e" "CARGO_TARGET_DIR=/opt/rustwide/target" "-e" "CARGO_INCREMENTAL=0" "-e" "RUST_BACKTRACE=full" "-e" "RUSTFLAGS=--cap-lints=forbid" "-e" "CARGO_HOME=/opt/rustwide/cargo-home" "-e" "RUSTUP_HOME=/opt/rustwide/rustup-home" "-w" "/opt/rustwide/workdir" "-m" "1610612736" "--user" "0:0" "--network" "none" "rustops/crates-build-env@sha256:d92eaeed33fa75130ca1ee6c8a01d1ffb62bac859dfdfb3450e3e5d1c0146529" "/opt/rustwide/cargo-home/bin/cargo" "+af3c6e733a40e671550e0f0f5aeecaa13772ba56" "check" "--frozen" "--all" "--all-targets" "--message-format=json", kill_on_drop: false }`
[INFO] [stdout] 8a045454de0d71090bd3e5266703314fcb2422ab8dc2bcd3e21b078af33aebb5
[INFO] [stderr] WARNING: Your kernel does not support swap limit capabilities or the cgroup is not mounted. Memory limited without swap.
[INFO] running `Command { std: "docker" "start" "-a" "8a045454de0d71090bd3e5266703314fcb2422ab8dc2bcd3e21b078af33aebb5", kill_on_drop: false }`
[INFO] [stderr]    Compiling getrandom v0.1.15
[INFO] [stderr]     Checking cfg-if v0.1.10
[INFO] [stderr]     Checking ppv-lite86 v0.2.9
[INFO] [stderr]    Compiling byteorder v1.3.4
[INFO] [stderr]    Compiling serde v1.0.116
[INFO] [stderr]     Checking bitvec v0.17.4
[INFO] [stderr]     Checking rand_core v0.5.1
[INFO] [stderr]     Checking rand_chacha v0.2.2
[INFO] [stderr]     Checking rand v0.7.3
[INFO] [stderr]     Checking twox-hash v1.5.0
[INFO] [stderr]     Checking bincode v1.3.1
[INFO] [stderr]     Checking potpot v0.1.0 (/opt/rustwide/workdir)
[INFO] [stdout] error[E0425]: cannot find function `size_of` in this scope
[INFO] [stdout]    --> src/hashtable.rs:210:33
[INFO] [stdout]     |
[INFO] [stdout] 210 |             let slot_size = 8 + size_of::<V>();
[INFO] [stdout]     |                                 ^^^^^^^ not found in this scope
[INFO] [stdout]     |
[INFO] [stdout] help: consider importing one of these items
[INFO] [stdout]     |
[INFO] [stdout] 41  | use core::intrinsics::size_of;
[INFO] [stdout]     |
[INFO] [stdout] 41  | use core::mem::size_of;
[INFO] [stdout]     |
[INFO] [stdout] 41  | use crate::hashtable::page::size_of;
[INFO] [stdout]     |
[INFO] [stdout] 41  | use crate::storage::io::sys::rand::mem::intrinsics::size_of;
[INFO] [stdout]     |
[INFO] [stdout]       and 2 other candidates
[INFO] [stdout] 
[INFO] [stdout] 
[INFO] [stdout] warning: unused import: `PAGESIZE`
[INFO] [stdout]    --> src/hashtable.rs:228:36
[INFO] [stdout]     |
[INFO] [stdout] 228 |     use crate::{aligned, PageType, PAGESIZE};
[INFO] [stdout]     |                                    ^^^^^^^^
[INFO] [stdout]     |
[INFO] [stdout]     = note: `#[warn(unused_imports)]` on by default
[INFO] [stdout] 
[INFO] [stdout] 
[INFO] [stdout] error[E0425]: cannot find function `size_of` in this scope
[INFO] [stdout]    --> src/hashtable.rs:210:33
[INFO] [stdout]     |
[INFO] [stdout] 210 |             let slot_size = 8 + size_of::<V>();
[INFO] [stdout]     |                                 ^^^^^^^ not found in this scope
[INFO] [stdout]     |
[INFO] [stdout] help: consider importing one of these items
[INFO] [stdout]     |
[INFO] [stdout] 41  | use core::intrinsics::size_of;
[INFO] [stdout]     |
[INFO] [stdout] 41  | use core::mem::size_of;
[INFO] [stdout]     |
[INFO] [stdout] 41  | use crate::hashtable::page::size_of;
[INFO] [stdout]     |
[INFO] [stdout] 41  | use crate::storage::io::sys::rand::mem::intrinsics::size_of;
[INFO] [stdout]     |
[INFO] [stdout]       and 2 other candidates
[INFO] [stdout] 
[INFO] [stdout] 
[INFO] [stdout] warning: unused import: `PAGESIZE`
[INFO] [stdout]    --> src/hashtable.rs:228:36
[INFO] [stdout]     |
[INFO] [stdout] 228 |     use crate::{aligned, PageType, PAGESIZE};
[INFO] [stdout]     |                                    ^^^^^^^^
[INFO] [stdout]     |
[INFO] [stdout]     = note: `#[warn(unused_imports)]` on by default
[INFO] [stdout] 
[INFO] [stdout] 
[INFO] [stdout] error[E0277]: `?` couldn't convert the error to `NoneError`
[INFO] [stdout]    --> src/hashtable.rs:198:72
[INFO] [stdout]     |
[INFO] [stdout] 198 |         let page: page::Page<V> = page::Page::from_aligned(page_buffer)?;
[INFO] [stdout]     |                                                                        ^ the trait `From<aligned::Error>` is not implemented for `NoneError`
[INFO] [stdout]     |
[INFO] [stdout]     = note: the question mark operation (`?`) implicitly performs a conversion on the error value using the `From` trait
[INFO] [stdout]     = note: required by `std::convert::From::from`
[INFO] [stdout] help: consider converting the `Result<T, _>` into an `Option<T>` using `Result::ok`
[INFO] [stdout]     |
[INFO] [stdout] 198 |         let page: page::Page<V> = page::Page::from_aligned(page_buffer).ok()?;
[INFO] [stdout]     |                                                                        ^^^^^
[INFO] [stdout] 
[INFO] [stdout] 
[INFO] [stdout] error[E0277]: the trait bound `V: Deserialize<'_>` is not satisfied
[INFO] [stdout]    --> src/hashtable.rs:215:17
[INFO] [stdout]     |
[INFO] [stdout] 215 |                 bincode::deserialize(&slot[8..slot_size]).ok()
[INFO] [stdout]     |                 ^^^^^^^^^^^^^^^^^^^^ the trait `Deserialize<'_>` is not implemented for `V`
[INFO] [stdout]     | 
[INFO] [stdout]    ::: /opt/rustwide/cargo-home/registry/src/github.com-1ecc6299db9ec823/bincode-1.3.1/src/lib.rs:149:8
[INFO] [stdout]     |
[INFO] [stdout] 149 |     T: serde::de::Deserialize<'a>,
[INFO] [stdout]     |        -------------------------- required by this bound in `bincode::deserialize`
[INFO] [stdout]     |
[INFO] [stdout] help: consider restricting type parameter `V`
[INFO] [stdout]     |
[INFO] [stdout] 83  | impl<'bp, V: Deserialize<'_>> SinglePageHashTable<'bp, V> {
[INFO] [stdout]     |            ^^^^^^^^^^^^^^^^^
[INFO] [stdout] 
[INFO] [stdout] 
[INFO] [stdout] error: aborting due to 3 previous errors; 1 warning emitted
[INFO] [stdout] 
[INFO] [stdout] 
[INFO] [stdout] Some errors have detailed explanations: E0277, E0425.
[INFO] [stdout] 
[INFO] [stdout] For more information about an error, try `rustc --explain E0277`.
[INFO] [stdout] 
[INFO] [stderr] error: could not compile `potpot`.
[INFO] [stderr] 
[INFO] [stderr] To learn more, run the command again with --verbose.
[INFO] [stderr] warning: build failed, waiting for other jobs to finish...
[INFO] [stdout] error[E0277]: `?` couldn't convert the error to `NoneError`
[INFO] [stdout]    --> src/hashtable.rs:198:72
[INFO] [stdout]     |
[INFO] [stdout] 198 |         let page: page::Page<V> = page::Page::from_aligned(page_buffer)?;
[INFO] [stdout]     |                                                                        ^ the trait `From<aligned::Error>` is not implemented for `NoneError`
[INFO] [stdout]     |
[INFO] [stdout]     = note: the question mark operation (`?`) implicitly performs a conversion on the error value using the `From` trait
[INFO] [stdout]     = note: required by `std::convert::From::from`
[INFO] [stdout] help: consider converting the `Result<T, _>` into an `Option<T>` using `Result::ok`
[INFO] [stdout]     |
[INFO] [stdout] 198 |         let page: page::Page<V> = page::Page::from_aligned(page_buffer).ok()?;
[INFO] [stdout]     |                                                                        ^^^^^
[INFO] [stdout] 
[INFO] [stdout] 
[INFO] [stdout] error[E0277]: the trait bound `V: Deserialize<'_>` is not satisfied
[INFO] [stdout]    --> src/hashtable.rs:215:17
[INFO] [stdout]     |
[INFO] [stdout] 215 |                 bincode::deserialize(&slot[8..slot_size]).ok()
[INFO] [stdout]     |                 ^^^^^^^^^^^^^^^^^^^^ the trait `Deserialize<'_>` is not implemented for `V`
[INFO] [stdout]     | 
[INFO] [stdout]    ::: /opt/rustwide/cargo-home/registry/src/github.com-1ecc6299db9ec823/bincode-1.3.1/src/lib.rs:149:8
[INFO] [stdout]     |
[INFO] [stdout] 149 |     T: serde::de::Deserialize<'a>,
[INFO] [stdout]     |        -------------------------- required by this bound in `bincode::deserialize`
[INFO] [stdout]     |
[INFO] [stdout] help: consider restricting type parameter `V`
[INFO] [stdout]     |
[INFO] [stdout] 83  | impl<'bp, V: Deserialize<'_>> SinglePageHashTable<'bp, V> {
[INFO] [stdout]     |            ^^^^^^^^^^^^^^^^^
[INFO] [stdout] 
[INFO] [stdout] 
[INFO] [stdout] error[E0631]: type mismatch in function arguments
[INFO] [stdout]    --> src/hashtable.rs:435:35
[INFO] [stdout]     |
[INFO] [stdout] 435 |         assert_eq!(ht.get(97).map(ToOwned::to_owned), Some((4, 12)));
[INFO] [stdout]     |                                   ^^^^^^^^^^^^^^^^^
[INFO] [stdout]     |                                   |
[INFO] [stdout]     |                                   expected signature of `fn(({integer}, {integer})) -> _`
[INFO] [stdout]     |                                   found signature of `for<'r> fn(&'r _) -> _`
[INFO] [stdout] 
[INFO] [stdout] 
[INFO] [stdout] error[E0631]: type mismatch in function arguments
[INFO] [stdout]    --> src/hashtable.rs:459:39
[INFO] [stdout]     |
[INFO] [stdout] 459 |             assert_eq!(ht.get(97).map(ToOwned::to_owned), Some((4, 12)));
[INFO] [stdout]     |                                       ^^^^^^^^^^^^^^^^^
[INFO] [stdout]     |                                       |
[INFO] [stdout]     |                                       expected signature of `fn((usize, usize)) -> _`
[INFO] [stdout]     |                                       found signature of `for<'r> fn(&'r _) -> _`
[INFO] [stdout] 
[INFO] [stdout] 
[INFO] [stdout] error: aborting due to 5 previous errors; 1 warning emitted
[INFO] [stdout] 
[INFO] [stdout] 
[INFO] [stdout] Some errors have detailed explanations: E0277, E0425, E0631.
[INFO] [stdout] 
[INFO] [stdout] For more information about an error, try `rustc --explain E0277`.
[INFO] [stdout] 
[INFO] [stderr] error: build failed
[INFO] running `Command { std: "docker" "inspect" "8a045454de0d71090bd3e5266703314fcb2422ab8dc2bcd3e21b078af33aebb5", kill_on_drop: false }`
[INFO] running `Command { std: "docker" "rm" "-f" "8a045454de0d71090bd3e5266703314fcb2422ab8dc2bcd3e21b078af33aebb5", kill_on_drop: false }`
[INFO] [stdout] 8a045454de0d71090bd3e5266703314fcb2422ab8dc2bcd3e21b078af33aebb5
